{"id":570,"date":"2024-09-14T14:26:24","date_gmt":"2024-09-14T12:26:24","guid":{"rendered":"https:\/\/waldgl\u00fcck-pfalz.de\/?page_id=570"},"modified":"2024-09-23T14:37:52","modified_gmt":"2024-09-23T12:37:52","slug":"impressum","status":"publish","type":"page","link":"https:\/\/waldgl\u00fcck-pfalz.de\/?page_id=570","title":{"rendered":"Impressum"},"content":{"rendered":"\n<p><\/p>\n\n\n\n<h1>Impressum<\/h1>\n\n<p>Michele Heinekamp<br \/>\nBadstra&szlig;e 8<br \/>\n76835 Gleisweiler<\/p>\n\n<h2>Kontakt<\/h2>\n<p>Telefon: 017669604153<br \/>\nE-Mail: hallo@waldglueck-pfalz.de<\/p>\n\n<h2>Redaktionell verantwortlich<\/h2>\n<p>Michele Heinekamp und Dominik W&ouml;rner<\/p>\n\n<p>Quelle: <a href=\"https:\/\/www.e-recht24.de\">eRecht24<\/a><\/p>\n","protected":false},"excerpt":{"rendered":"<p>Impressum Michele Heinekamp Badstra&szlig;e 8 76835 Gleisweiler Kontakt Telefon: 017669604153 E-Mail: hallo@waldglueck-pfalz.de Redaktionell verantwortlich Michele Heinekamp und Dominik W&ouml;rner Quelle: eRecht24<\/p>\n","protected":false},"author":1,"featured_media":0,"parent":0,"menu_order":0,"comment_status":"closed","ping_status":"closed","template":"page-no-title","meta":{"footnotes":""},"class_list":["post-570","page","type-page","status-publish","hentry"],"yoast_head":"<!-- This site is optimized with the Yoast SEO plugin v27.5 - https:\/\/yoast.com\/product\/yoast-seo-wordpress\/ -->\n<title>Impressum - Waldgl\u00fcck-Pfalz.de<\/title>\n<meta name=\"robots\" content=\"index, follow, max-snippet:-1, max-image-preview:large, max-video-preview:-1\" \/>\n<link rel=\"canonical\" href=\"https:\/\/waldgl\u00fcck-pfalz.de\/?page_id=570\" \/>\n<meta property=\"og:locale\" content=\"de_DE\" \/>\n<meta property=\"og:type\" content=\"article\" \/>\n<meta property=\"og:title\" content=\"Impressum - Waldgl\u00fcck-Pfalz.de\" \/>\n<meta property=\"og:description\" content=\"Impressum Michele Heinekamp Badstra&szlig;e 8 76835 Gleisweiler Kontakt Telefon: 017669604153 E-Mail: hallo@waldglueck-pfalz.de Redaktionell verantwortlich Michele Heinekamp und Dominik W&ouml;rner Quelle: eRecht24\" \/>\n<meta property=\"og:url\" content=\"https:\/\/waldgl\u00fcck-pfalz.de\/?page_id=570\" \/>\n<meta property=\"og:site_name\" content=\"Waldgl\u00fcck-Pfalz.de\" \/>\n<meta property=\"article:modified_time\" content=\"2024-09-23T12:37:52+00:00\" \/>\n<meta name=\"twitter:card\" content=\"summary_large_image\" \/>\n<meta name=\"twitter:label1\" content=\"Gesch\u00e4tzte Lesezeit\" \/>\n\t<meta name=\"twitter:data1\" content=\"1\u00a0Minute\" \/>\n<script type=\"application\/ld+json\" class=\"yoast-schema-graph\">{\"@context\":\"https:\\\/\\\/schema.org\",\"@graph\":[{\"@type\":\"WebPage\",\"@id\":\"https:\\\/\\\/waldgl\u00fcck-pfalz.de\\\/?page_id=570\",\"url\":\"https:\\\/\\\/waldgl\u00fcck-pfalz.de\\\/?page_id=570\",\"name\":\"Impressum - Waldgl\u00fcck-Pfalz.de\",\"isPartOf\":{\"@id\":\"https:\\\/\\\/waldgl\u00fcck-pfalz.de\\\/#website\"},\"datePublished\":\"2024-09-14T12:26:24+00:00\",\"dateModified\":\"2024-09-23T12:37:52+00:00\",\"breadcrumb\":{\"@id\":\"https:\\\/\\\/waldgl\u00fcck-pfalz.de\\\/?page_id=570#breadcrumb\"},\"inLanguage\":\"de\",\"potentialAction\":[{\"@type\":\"ReadAction\",\"target\":[\"https:\\\/\\\/waldgl\u00fcck-pfalz.de\\\/?page_id=570\"]}]},{\"@type\":\"BreadcrumbList\",\"@id\":\"https:\\\/\\\/waldgl\u00fcck-pfalz.de\\\/?page_id=570#breadcrumb\",\"itemListElement\":[{\"@type\":\"ListItem\",\"position\":1,\"name\":\"Startseite\",\"item\":\"https:\\\/\\\/waldgl\u00fcck-pfalz.de\\\/\"},{\"@type\":\"ListItem\",\"position\":2,\"name\":\"Impressum\"}]},{\"@type\":\"WebSite\",\"@id\":\"https:\\\/\\\/waldgl\u00fcck-pfalz.de\\\/#website\",\"url\":\"https:\\\/\\\/waldgl\u00fcck-pfalz.de\\\/\",\"name\":\"Waldgl\u00fcck-Pfalz.de\",\"description\":\"Ferienwohnung Waldgl\u00fcck, 76835 Gleisweiler Badstra\u00dfe 8-10\",\"publisher\":{\"@id\":\"https:\\\/\\\/waldgl\u00fcck-pfalz.de\\\/#organization\"},\"potentialAction\":[{\"@type\":\"SearchAction\",\"target\":{\"@type\":\"EntryPoint\",\"urlTemplate\":\"https:\\\/\\\/waldgl\u00fcck-pfalz.de\\\/?s={search_term_string}\"},\"query-input\":{\"@type\":\"PropertyValueSpecification\",\"valueRequired\":true,\"valueName\":\"search_term_string\"}}],\"inLanguage\":\"de\"},{\"@type\":\"Organization\",\"@id\":\"https:\\\/\\\/waldgl\u00fcck-pfalz.de\\\/#organization\",\"name\":\"Waldgl\u00fcck-Pfalz.de\",\"url\":\"https:\\\/\\\/waldgl\u00fcck-pfalz.de\\\/\",\"logo\":{\"@type\":\"ImageObject\",\"inLanguage\":\"de\",\"@id\":\"https:\\\/\\\/waldgl\u00fcck-pfalz.de\\\/#\\\/schema\\\/logo\\\/image\\\/\",\"url\":\"https:\\\/\\\/waldgl\u00fcck-pfalz.de\\\/wp-content\\\/uploads\\\/2024\\\/09\\\/1.png\",\"contentUrl\":\"https:\\\/\\\/waldgl\u00fcck-pfalz.de\\\/wp-content\\\/uploads\\\/2024\\\/09\\\/1.png\",\"width\":938,\"height\":938,\"caption\":\"Waldgl\u00fcck-Pfalz.de\"},\"image\":{\"@id\":\"https:\\\/\\\/waldgl\u00fcck-pfalz.de\\\/#\\\/schema\\\/logo\\\/image\\\/\"}}]}<\/script>\n<!-- \/ Yoast SEO plugin. -->","yoast_head_json":{"title":"Impressum - Waldgl\u00fcck-Pfalz.de","robots":{"index":"index","follow":"follow","max-snippet":"max-snippet:-1","max-image-preview":"max-image-preview:large","max-video-preview":"max-video-preview:-1"},"canonical":"https:\/\/waldgl\u00fcck-pfalz.de\/?page_id=570","og_locale":"de_DE","og_type":"article","og_title":"Impressum - Waldgl\u00fcck-Pfalz.de","og_description":"Impressum Michele Heinekamp Badstra&szlig;e 8 76835 Gleisweiler Kontakt Telefon: 017669604153 E-Mail: hallo@waldglueck-pfalz.de Redaktionell verantwortlich Michele Heinekamp und Dominik W&ouml;rner Quelle: eRecht24","og_url":"https:\/\/waldgl\u00fcck-pfalz.de\/?page_id=570","og_site_name":"Waldgl\u00fcck-Pfalz.de","article_modified_time":"2024-09-23T12:37:52+00:00","twitter_card":"summary_large_image","twitter_misc":{"Gesch\u00e4tzte Lesezeit":"1\u00a0Minute"},"schema":{"@context":"https:\/\/schema.org","@graph":[{"@type":"WebPage","@id":"https:\/\/waldgl\u00fcck-pfalz.de\/?page_id=570","url":"https:\/\/waldgl\u00fcck-pfalz.de\/?page_id=570","name":"Impressum - Waldgl\u00fcck-Pfalz.de","isPartOf":{"@id":"https:\/\/waldgl\u00fcck-pfalz.de\/#website"},"datePublished":"2024-09-14T12:26:24+00:00","dateModified":"2024-09-23T12:37:52+00:00","breadcrumb":{"@id":"https:\/\/waldgl\u00fcck-pfalz.de\/?page_id=570#breadcrumb"},"inLanguage":"de","potentialAction":[{"@type":"ReadAction","target":["https:\/\/waldgl\u00fcck-pfalz.de\/?page_id=570"]}]},{"@type":"BreadcrumbList","@id":"https:\/\/waldgl\u00fcck-pfalz.de\/?page_id=570#breadcrumb","itemListElement":[{"@type":"ListItem","position":1,"name":"Startseite","item":"https:\/\/waldgl\u00fcck-pfalz.de\/"},{"@type":"ListItem","position":2,"name":"Impressum"}]},{"@type":"WebSite","@id":"https:\/\/waldgl\u00fcck-pfalz.de\/#website","url":"https:\/\/waldgl\u00fcck-pfalz.de\/","name":"Waldgl\u00fcck-Pfalz.de","description":"Ferienwohnung Waldgl\u00fcck, 76835 Gleisweiler Badstra\u00dfe 8-10","publisher":{"@id":"https:\/\/waldgl\u00fcck-pfalz.de\/#organization"},"potentialAction":[{"@type":"SearchAction","target":{"@type":"EntryPoint","urlTemplate":"https:\/\/waldgl\u00fcck-pfalz.de\/?s={search_term_string}"},"query-input":{"@type":"PropertyValueSpecification","valueRequired":true,"valueName":"search_term_string"}}],"inLanguage":"de"},{"@type":"Organization","@id":"https:\/\/waldgl\u00fcck-pfalz.de\/#organization","name":"Waldgl\u00fcck-Pfalz.de","url":"https:\/\/waldgl\u00fcck-pfalz.de\/","logo":{"@type":"ImageObject","inLanguage":"de","@id":"https:\/\/waldgl\u00fcck-pfalz.de\/#\/schema\/logo\/image\/","url":"https:\/\/waldgl\u00fcck-pfalz.de\/wp-content\/uploads\/2024\/09\/1.png","contentUrl":"https:\/\/waldgl\u00fcck-pfalz.de\/wp-content\/uploads\/2024\/09\/1.png","width":938,"height":938,"caption":"Waldgl\u00fcck-Pfalz.de"},"image":{"@id":"https:\/\/waldgl\u00fcck-pfalz.de\/#\/schema\/logo\/image\/"}}]}},"_links":{"self":[{"href":"https:\/\/waldgl\u00fcck-pfalz.de\/index.php?rest_route=\/wp\/v2\/pages\/570","targetHints":{"allow":["GET"]}}],"collection":[{"href":"https:\/\/waldgl\u00fcck-pfalz.de\/index.php?rest_route=\/wp\/v2\/pages"}],"about":[{"href":"https:\/\/waldgl\u00fcck-pfalz.de\/index.php?rest_route=\/wp\/v2\/types\/page"}],"author":[{"embeddable":true,"href":"https:\/\/waldgl\u00fcck-pfalz.de\/index.php?rest_route=\/wp\/v2\/users\/1"}],"replies":[{"embeddable":true,"href":"https:\/\/waldgl\u00fcck-pfalz.de\/index.php?rest_route=%2Fwp%2Fv2%2Fcomments&post=570"}],"version-history":[{"count":2,"href":"https:\/\/waldgl\u00fcck-pfalz.de\/index.php?rest_route=\/wp\/v2\/pages\/570\/revisions"}],"predecessor-version":[{"id":577,"href":"https:\/\/waldgl\u00fcck-pfalz.de\/index.php?rest_route=\/wp\/v2\/pages\/570\/revisions\/577"}],"wp:attachment":[{"href":"https:\/\/waldgl\u00fcck-pfalz.de\/index.php?rest_route=%2Fwp%2Fv2%2Fmedia&parent=570"}],"curies":[{"name":"wp","href":"https:\/\/api.w.org\/{rel}","templated":true}]}}

https://waldglück-pfalz.de/?page_id=570

<!-- This site is optimized with the Yoast SEO plugin v27.5 - https://yoast.com/product/yoast-seo-wordpress/ -->
<title>Impressum - Waldglück-Pfalz.de</title>
<meta name="robots" content="index, follow, max-snippet:-1, max-image-preview:large, max-video-preview:-1" />
<link rel="canonical" href="https://waldglück-pfalz.de/?page_id=570" />
<meta property="og:locale" content="de_DE" />
<meta property="og:type" content="article" />
<meta property="og:title" content="Impressum - Waldglück-Pfalz.de" />
<meta property="og:description" content="Impressum Michele Heinekamp Badstra&szlig;e 8 76835 Gleisweiler Kontakt Telefon: 017669604153 E-Mail: hallo@waldglueck-pfalz.de Redaktionell verantwortlich Michele Heinekamp und Dominik W&ouml;rner Quelle: eRecht24" />
<meta property="og:url" content="https://waldglück-pfalz.de/?page_id=570" />
<meta property="og:site_name" content="Waldglück-Pfalz.de" />
<meta property="article:modified_time" content="2024-09-23T12:37:52+00:00" />
<meta name="twitter:card" content="summary_large_image" />
<meta name="twitter:label1" content="Geschätzte Lesezeit" />
	<meta name="twitter:data1" content="1 Minute" />
<script type="application/ld+json" class="yoast-schema-graph">{"@context":"https:\/\/schema.org","@graph":[{"@type":"WebPage","@id":"https:\/\/waldglück-pfalz.de\/?page_id=570","url":"https:\/\/waldglück-pfalz.de\/?page_id=570","name":"Impressum - Waldglück-Pfalz.de","isPartOf":{"@id":"https:\/\/waldglück-pfalz.de\/#website"},"datePublished":"2024-09-14T12:26:24+00:00","dateModified":"2024-09-23T12:37:52+00:00","breadcrumb":{"@id":"https:\/\/waldglück-pfalz.de\/?page_id=570#breadcrumb"},"inLanguage":"de","potentialAction":[{"@type":"ReadAction","target":["https:\/\/waldglück-pfalz.de\/?page_id=570"]}]},{"@type":"BreadcrumbList","@id":"https:\/\/waldglück-pfalz.de\/?page_id=570#breadcrumb","itemListElement":[{"@type":"ListItem","position":1,"name":"Startseite","item":"https:\/\/waldglück-pfalz.de\/"},{"@type":"ListItem","position":2,"name":"Impressum"}]},{"@type":"WebSite","@id":"https:\/\/waldglück-pfalz.de\/#website","url":"https:\/\/waldglück-pfalz.de\/","name":"Waldglück-Pfalz.de","description":"Ferienwohnung Waldglück, 76835 Gleisweiler Badstraße 8-10","publisher":{"@id":"https:\/\/waldglück-pfalz.de\/#organization"},"potentialAction":[{"@type":"SearchAction","target":{"@type":"EntryPoint","urlTemplate":"https:\/\/waldglück-pfalz.de\/?s={search_term_string}"},"query-input":{"@type":"PropertyValueSpecification","valueRequired":true,"valueName":"search_term_string"}}],"inLanguage":"de"},{"@type":"Organization","@id":"https:\/\/waldglück-pfalz.de\/#organization","name":"Waldglück-Pfalz.de","url":"https:\/\/waldglück-pfalz.de\/","logo":{"@type":"ImageObject","inLanguage":"de","@id":"https:\/\/waldglück-pfalz.de\/#\/schema\/logo\/image\/","url":"https:\/\/waldglück-pfalz.de\/wp-content\/uploads\/2024\/09\/1.png","contentUrl":"https:\/\/waldglück-pfalz.de\/wp-content\/uploads\/2024\/09\/1.png","width":938,"height":938,"caption":"Waldglück-Pfalz.de"},"image":{"@id":"https:\/\/waldglück-pfalz.de\/#\/schema\/logo\/image\/"}}]}</script>
<!-- / Yoast SEO plugin. -->

Impressum - Waldglück-Pfalz.de

Waldglück-Pfalz.de

https://waldglück-pfalz.de/#website

https://waldglück-pfalz.de/?page_id=570#breadcrumb

https://waldglück-pfalz.de/

Ferienwohnung Waldglück, 76835 Gleisweiler Badstraße 8-10

https://waldglück-pfalz.de/#organization

https://waldglück-pfalz.de/?s={search_term_string}

https://waldglück-pfalz.de/#/schema/logo/image/

https://waldglück-pfalz.de/wp-content/uploads/2024/09/1.png

https://waldglück-pfalz.de/index.php?rest_route=/wp/v2/pages/570

https://waldglück-pfalz.de/index.php?rest_route=/wp/v2/pages

https://waldglück-pfalz.de/index.php?rest_route=/wp/v2/types/page

https://waldglück-pfalz.de/index.php?rest_route=/wp/v2/users/1

https://waldglück-pfalz.de/index.php?rest_route=%2Fwp%2Fv2%2Fcomments&post=570

https://waldglück-pfalz.de/index.php?rest_route=/wp/v2/pages/570/revisions

https://waldglück-pfalz.de/index.php?rest_route=/wp/v2/pages/570/revisions/577

https://waldglück-pfalz.de/index.php?rest_route=%2Fwp%2Fv2%2Fmedia&parent=570
